 = -3*y - 2*j + 3757. Let w = y - 752. What is the hundreds digit of w?
5
Let m(y) = -y**3 + y**2 + 3*y - 4. Let o be m(2). Let c be 1*-2*o/2. Suppose -5*l - c*p + 175 = p, -2*p + 140 = 4*l. What is the tens digit of l?
3
Let m = 3441 - -1039. Suppose 2*x - m = -8*x. What is the hundreds digit of x?
4
Suppose w + 5*d = 74 + 18, -4*w - 5*d = -308. Let x be w/42 + 2/7. What is the units digit of (-2)/(-6)*(-3 - x - -287)?
4
Let x(i) = 15*i - 19. Suppose -29*l - 9 = -30*l. What is the tens digit of x(l)?
1
Suppose -3*z = -2*k + z + 3594, 2*k - 5*z - 3588 = 0. What is the tens digit of k?
0
Let m(p) = 13*p**2 - 10*p + 142. What is the thousands digit of m(-15)?
3
Suppose -11 + 371 = 8*s. What is the tens digit of 4689/s*5 + -7?
1
Let g = 2665 + 205. What is the hundreds digit of g?
8
Let s = 20214 + -17719. What is the units digit of s?
5
Let t(o) = -3*o**2 - 4*o + 3. Let y be t(0). Let k(l) = 6*l**3 - 2*l + 22. What is the hundreds digit of k(y)?
1
Let p(n) = 11*n + 290. Let l = 89 - 112. What is the tens digit of p(l)?
3
Suppose 4*x + 8 = -4*g, -x + 3*g + 0*g + 14 = 0. Suppose -621 = 3*p - x*b - 2555, 0 = 5*p - 4*b - 3224. What is the hundreds digit of p?
6
Suppose -466*t = -464*t - 18. Suppose k = -2*a + 536, -5*k = 5*a - t*a - 2680. What is the hundreds digit of k?
5
Let a = 17 - 17. Let b be 4 - 4 - (-5 - a). Suppose -2*t - 60 = -b*q + 14, -2*t + 6 = 0. What is the tens digit of q?
1
Let i(l) = 30*l**2 + 46*l - 560. What is the tens digit of i(19)?
4
Suppose 3*a = -3, -2*a = 9*f - 4*f - 103. Suppose c + c = -40. Let z = f + c. What is the units digit of z?
1
Let y(r) = 5*r**2 + 2*r + 24. Let z be y(-18). Suppose -z = -5*j - j. Suppose -3*k - w = -k - 272, -2*k = 2*w - j. What is the tens digit of k?
3
Suppose -4*s = -5*k + 457, -s + 2*k - 127 = -9. Let l = 358 + s. What is the units digit of l?
0
Let i(a) = 4*a**2 + 8*a + 6. Let u be i(-5). Let j = u + 36. Let x = 198 - j. What is the units digit of x?
6
Let t be (16/(-10))/((-4)/10). Suppose -t*j - 7 = 1, -10 = -r + 4*j. Suppose -r*o = -3*g + 40 + 233, 0 = -2*g - 5*o + 163. What is the units digit of g?
9
Suppose a = -5 - 0, 2*a = 3*v - 166. Let l be 1*2/(-6) - v/(-39). What is the tens digit of l*(-1 - (-1320)/5)?
6
Let o(b) = 4308*b**3 - 41*b**2 + 44*b - 2. What is the thousands digit of o(1)?
4
What is the units digit of 5193993/595 - (-1 - 11) - 4/10?
1
Let b be ((-114)/(-2))/(15/10). Let z = -74 + b. What is the tens digit of (-2 - -39 - 1)*z/(-24)?
5
Let j(m) = m**2 + m - 1. Let r(l) = 17*l**2 + 7*l - 31. Let q(z) = -4*j(z) + r(z). What is the units digit of q(-8)?
1
Suppose -3*y + 93436 = 4*x + 3459, 59985 = 2*y + 3*x. What is the thousands digit of y?
9
Suppose -14*n - 18172 = 10738. What is the hundreds digit of (4/(-10))/(7/n)?
1
Suppose -5*r = -o - 8836 + 490, 8350 = 5*r - 5*o. Suppose -2*y = 2*g - 666, g - 2*g + r = 5*y. Suppose y = 18*m - 16*m. What is the tens digit of m?
6
What is the tens digit of ((-17084)/(-12))/(9*(-2)/(-162))?
1
Let d = 130 + -130. Suppose d = 6*t + 510 - 6174. What is the tens digit of t?
4
Let u = 737 - 354. Let x = u - 20. Suppose -7*v + 4*v + x = 0. What is the tens digit of v?
2
Suppose -3*f = -4*j - 3449, -1092 = -2*f - 2*j + 1184. Let z = -456 + f. What is the hundreds digit of z?
6
Suppose 4*u - 5848 = -2*d, -u + 695 = -5*d - 756. What is the tens digit of u*(20/5 - 3)?
6
Let h = -27 + 20. Let c(q) = -q**2 - 9*q + 5. Let s be c(h). Suppose s*w - 5*w = 3136. What is the tens digit of w?
2
Suppose g - 2*x = -186, -3*g + 147 = 4*x + 695. Let u = g + 930. What is the units digit of u?
6
Let g(o) = 1889*o + 7007. What is the ten thousands digit of g(21)?
4
Let p be 5/10*(-6)/1 + 87. What is the units digit of (78/(-8))/(p/(-4256))?
4
Let q be -1 + 0/4 + -6 + -6. Let u = -7 - q. What is the units digit of u?
6
Suppose -65*b - 58*b + 438281 + 236005 = 0. What is the tens digit of b?
8
Let q(k) be the third derivative of 13*k**5/60 + k**4/6 + 2*k**3/3 + 5*k**2 + 115*k. Suppose -2*d = 1 + 3. What is the tens digit of q(d)?
4
Let n(t) = -44*t**3 - t**2 + t + 1. Let m be n(1). Let p = 258 - m. What is the hundreds digit of p?
3
Let u(i) = -2*i - 4. Let a be u(1). Let n be 4*8/a*-264. Suppose -10*m - n = -18*m. What is the hundreds digit of m?
1
Let l = -1544 - -4152. Suppose 5*c = -2*d + 2603, 5*c - 5*d + 2*d = l. What is the units digit of c?
1
Let k = 34 - 44. What is the tens digit of (-1884)/1*(1 - (-15)/k)?
4
Suppose 20*s = 9*s - 616. What is the tens digit of 2*8*(62650/s)/(-25)?
1
Suppose -2*h = -4*h - 3*h. Suppose h = 2*l - 253 + 7. What is the tens digit of l?
2
Let h(w) = 105*w + 56. Let r(s) = -8*s - 238. Let x be r(-31). What is the thousands digit of h(x)?
1
Suppose 5*w - 2*d - 8304 = 0, 204*d = w + 205*d - 1665. What is the units digit of w?
2
Suppose 3*b - 12 = 0, 5*b - 8*b + 1249 = -p. Let s = -703 - p. What is the units digit of s?
4
Suppose -41*d = -47 + 1687. What is the hundreds digit of -1 - (d/24)/(2/2088)?
7
Let y be -1 + 52/20 + (-2)/(-5). Suppose 10 = u - 0*n - 4*n, y*u + 3*n = 9. Suppose -186 = -u*z + 696. What is the hundreds digit of z?
1
Let t = -12 - -11. Let b be 22 + -19 - t*2*1. Suppose -b*v + 0*j = 2*j - 357, 5*v + 5*j - 360 = 0. What is the tens digit of v?
7
What is the thousands digit of 210040/30 - 24/(-9)?
7
Let p(z) = 165*z + 5. Let k be p(2). Suppose k = 7*s - 183. Suppose v - s = 53. What is the tens digit of v?
2
Suppose 0 = 16*g - 17*g + 1. Let l be (-75)/(-50) + (-490)/(-4) + g. Suppose 0 = a - 2*z - z - l, -2*z - 480 = -4*a. What is the units digit of a?
9
Suppose -7*i + 65*i - 42766 = 13726. Let h(c) = c**3 + 7*c**2 + 4*c - 4. Let k be h(-6). Suppose k*t = 338 + i. What is the tens digit of t?
6
Suppose u + 0*i + 4 = -4*i, 4*u + 2*i - 12 = 0. Suppose 3*d + 1419 = u*r, -4*d - 702 = 45*r - 47*r. What is the units digit of r?
7
Let j(t) = 2*t**2 + 7*t + 12. Let l be j(-7). Let o(n) = 105*n - 13 + l - 110*n. What is the tens digit of o(-15)?
2
Let r = 3 - 18. Let t be (-6)/30 - 63/r. Suppose 3*l + 292 = t*x - l, l - 143 = -2*x. What is the tens digit of x?
7
Let m(f) = -2*f - 45. Let y be m(9). Let k = 65 + y. Suppose k*d + 2*n - 284 = 0, 5*d - 3*n = d + 603. What is the hundreds digit of d?
1
Let p = 351 - 562. Let g = 250 + p. What is the units digit of g?
9
Let s(t) be the third derivative of -t**5/60 + 3*t**4/4 - 2*t**3 + 2*t**2 - 42. Suppose -27 = -3*o - 0*o. What is the units digit of s(o)?
9
Let b(r) = r**3 + 17*r**2 + 16*r + 45. Let x be b(-15). Let o = x + -189. What is the units digit of o?
6
Let x = -5707 + 14514. What is the hundreds digit of x?
8
Let p = 6824 - -16510. What is the units digit of p?
4
Let o(a) = a**3 + 11*a**2 + 11*a + 17. Let z be o(-10). Let f(k) = -12 + 0 + 3*k**2 - 2*k**2 + z*k. What is the units digit of f(-15)?
8
Let n = -809 - -10718. What is the units digit of n?
9
Suppose 5*x - 179612 = 4*d, 0 = -2*x - 5*d + 32878 + 38914. What is the hundreds digit of x?
9
What is the tens digit of (90/50 - (-10218)/65)*(2 + 41)?
3
Let u be (-18)/(-5) - 6/(-15). Suppose -u*l = l - 25. Suppose -3*q = l*q - 632. What is the units digit of q?
9
Let h(u) = 2*u**3 + 12*u**2 - 22*u + 31. Let o be h(-10). Let q = 1095 + o. What is the units digit of q?
6
Suppose 0*c = -4*c + 4*l - 36, 2*l = -2*c + 2. Let r(i) = -4*i**3 - i + 4. What is the hundreds digit of r(c)?
2
Suppose c = -c + 32. Let o = -360 - -332. Let h = c - o. What is the tens digit of h?
4
Suppose -13*i + 11*i = -5*l - 24, -2*l = 2*i - 10. Suppose -2*p = -2*o - 708, 3*o = 12*p - i*p - 1774. What is the tens digit of p?
5
Let n = 578 - 206. Suppose 0 = 5*i - 498 - n. Let k = i + -83. What is the units digit of k?
1
Let b be -1 + 9 - (-56 - -53). Let v(r) = 7*r**2 + 20*r - 168. What is the units digit of v(b)?
9
What is the thousands digit of 8 + -1 - (-2654 + 130)?
2
Let w = 5 - 3. Suppose 0 = 3*i - 2*y + 33, i - y + 30 = -w*i. Let b(c) = -8*c - 16. What is the units digit of b(i)?
6
Suppose m - 142050 = -7*m - 17*m. What is the tens digit of m?
8
Let h(n) = 6*n + 30. Let l be h(-7). What is the hundreds digit of (1688/l)/((-14)/21)?
2
Let a be 2/(-13) - 1060/(-130). What is the tens digit of 62/(-1)*a*6/(-12)?
4
Suppose -o + 77956 = -3*y, -745*y + 155891 = 2*o - 748*y. What is the tens digit of o?
3
Let x be 3/(-21) + (-20)/7 + 3. Sup